 in base 3?
201
-28 (base 9) to base 8
-32
4 (base 8) to base 5
4
1 (base 7) to base 12
1
What is 1302 (base 4) in base 16?
72
6 (base 16) to base 6
10
12 (base 10) to base 7
15
What is -11 (base 4) in base 8?
-5
What is 0 (base 7) in base 8?
0
What is -5 (base 12) in base 10?
-5
1a (base 13) to base 10
23
Convert 62 (base 7) to base 2.
101100
What is -1 (base 8) in base 3?
-1
Convert 144 (base 5) to base 14.
37
What is -2 (base 7) in base 11?
-2
What is -21 (base 9) in base 14?
-15
Convert 104 (base 8) to base 13.
53
-1 (base 11) to base 12
-1
What is 2 (base 3) in base 8?
2
3 (base 15) to base 12
3
What is 2 (base 9) in base 5?
2
-4 (base 11) to base 13
-4
-111 (base 11) to base 8
-205
What is 0 (base 2) in base 5?
0
What is 12021 (base 3) in base 5?
1032
-1010100 (base 2) to base 7
-150
Convert dc (base 14) to base 11.
167
Convert 1 (base 4) to base 6.
1
What is -5c (base 16) in base 3?
-10102
What is -117 (base 11) in base 3?
-12011
What is -30 (base 4) in base 13?
-c
What is -121 (base 3) in base 13?
-13
What is 1 (base 13) in base 10?
1
Convert 154 (base 11) to base 12.
130
What is 0 (base 11) in base 14?
0
-2b (base 13) to base 5
-122
What is 7a (base 12) in base 9?
114
What is -3 (base 4) in base 10?
-3
Convert 1 (base 11) to base 7.
1
-71 (base 11) to base 8
-116
What is -4 (base 14) in base 6?
-4
What is -23 (base 6) in base 13?
-12
-6 (base 11) to base 14
-6
22 (base 10) to base 11
20
Convert -174 (base 8) to base 5.
-444
Convert -10 (base 2) to base 10.
-2
Convert -50 (base 8) to base 4.
-220
What is 101 (base 3) in base 7?
13
Convert 8 (base 16) to base 12.
8
-52 (base 6) to base 4
-200
132 (base 11) to base 3
12210
1110 (base 6) to base 14
146
3 (base 5) to base 6
3
What is -23 (base 12) in base 11?
-25
10 (base 3) to base 14
3
-54 (base 9) to base 4
-301
Convert -152 (base 9) to base 10.
-128
What is 1233 (base 4) in base 6?
303
-29 (base 13) to base 11
-32
Convert 17 (base 14) to base 2.
10101
Convert -13 (base 5) to base 7.
-11
-113 (base 4) to base 5
-43
What is 10 (base 4) in base 8?
4
Convert 30 (base 4) to base 14.
c
What is -112 (base 6) in base 10?
-44
What is -7 (base 10) in base 4?
-13
5 (base 12) to base 3
12
-4 (base 11) to base 3
-11
-1 (base 14) to base 2
-1
Convert -6 (base 13) to base 3.
-20
1 (base 13) to base 3
1
Convert -a0 (base 11) to base 4.
-1232
11 (base 8) to base 5
14
Convert 0 (base 10) to base 3.
0
What is -65 (base 8) in base 6?
-125
3 (base 10) to base 14
3
Convert -13 (base 4) to base 7.
-10
-1 (base 14) to base 3
-1
Convert -184 (base 13) to base 12.
-1b1
What is -1 (base 13) in base 15?
-1
What is -1 (base 15) in base 13?
-1
What is -2110 (base 4) in base 10?
-148
Convert 49 (base 15) to base 10.
69
-1 (base 8) to base 7
-1
-32 (base 13) to base 11
-38
Convert 5 (base 10) to base 16.
5
Convert -11 (base 2) to base 3.
-10
What is -1 (base 8) in base 7?
-1
What is -53 (base 15) in base 8?
-116
-8 (base 11) to base 5
-13
What is -13 (base 6) in base 16?
-9
Convert 10 (base 15) to base 5.
30
Convert -ba (base 12) to base 16.
-8e
What is -5 (base 6) in base 14?
-5
Convert -12 (base 11) to base 16.
-d
4 (base 7) to base 3
11
What is -40 (base 14) in base 8?
-70
Convert -8 (base 13) to base 2.
-1000
-220 (base 5) to base 15
-40
What is -15 (base 8) in base 13?
-10
-a (base 12) to base 10
-10
-22 (base 8) to base 6
-30
Convert 3 (base 13) to base 7.
3
-9 (base 13) to base 2
-1001
What is -39 (base 10) in base 13?
-30
Convert -95 (base 10) to base 5.
-340
What is 100 (base 2) in base 6?
4
Convert -11 (base 3) to base 8.
-4
What is -14 (base 11) in base 4?
-33
Convert 26 (base 14) to base 11.
31
Convert 87 (base 10) to base 12.
73
What is 1e (base 15) in base 8?
35
What is 1 (base 9) in base 5?
1
-2 (base 12) to base 7
-2
What is -a (base 16) in base 5?
-20
What is -19 (base 13) in base 11?
-20
Convert 42 (base 6) to base 3.
222
What is -a7 (base 15) in base 8?
-235
1 (base 12) to base 15
1
-15 (base 15) to base 12
-18
2a (base 16) to base 10
42
Convert 3 (base 14) to base 4.
3
What is -3 (base 11) in base 12?
-3
What is 2 (base 6) in base 12?
2
What is -4d (base 15) in base 14?
-53
What is 0 (base 15) in base 4?
0
Convert 5 (base 10) to base 2.
101
-20 (base 3) to base 9
-6
What is -122 (base 3) in base 6?
-25
Convert 44 (base 7) to base 11.
2a
Convert 0 (base 12) to base 11.
0
Convert 2 (base 11) to base 6.
2
-21 (base 11) to base 15
-18
What is 73 (base 13) in base 16?
5e
75 (base 12) to base 6
225
Convert -42 (base 16) to base 14.
-4a
23 (base 4) to base 12
b
-51 (base 12) to base 10
-61
Convert 42 (base 7) to base 5.
110
-145 (base 6) to base 3
-2102
0 (base 8) to base 9
0
Convert 4 (base 13) to base 2.
100
220 (base 3) to base 13
1b
What is -6 (base 9) in base 11?
-6
Convert -12101 (base 3) to base 16.
-91
What is -3 (base 7) in base 12?
-3
Convert 2 (base 13) to base 6.
2
Convert -23 (base 4) to base 15.
-b
62 (base 10) to base 3
2022
What is -3 (base 12) in base 2?
-11
1011 (base 2) to base 3
102
What is -2 (base 11) in base 8?
-2
What is 111110 (base 2) in base 16?
3e
-32 (base 9) to base 12
-25
What is 150 (base 13) in base 5?
1414
What is 6 (base 11) in base 3?
20
22 (base 6) to base 4
32
What is 1 (base 6) in base 13?
1
Convert -5 (base 12) to base 2.
-101
What is -1 (base 11) in base 5?
-1
Convert -195 (base 11) to base 13.
-144
-10101 (base 2) to base 9
-23
What is 111001 (base 2) in base 10?
57
What is -51 (base 10) in base 3?
-1220
What is -111 (base 6) in base 2?
-101011
What is 1002 (base 5) in base 12?
a7
What is 102 (base 7) in base 6?
123
Convert 6 (base 9) to base 12.
6
What is 0 (base 11) in base 9?
0
-bd (base 14) to base 13
-cb
Convert 1042 (base 5) to base 14.
a7
0 (base 2) to base 3
0
Convert 30 (base 6) to base 11.
17
Convert -4 (base 15) to base 5.
-4
-1100101 (base 2) to base 10
-101
What is 1c (base 16) in base 12?
24
What is -14 (base 10) in base 14?
-10
Convert -6 (base 9) to base 14.
-6
2 (base 8) to base 12
2
What is 78 (base 12) in base 3?
10102
Convert -23 (base 7) to base 14.
-13
Convert 114 (base 6) to base 9.
51
Convert 213 (base 4) to base 8.
47
10 (base 6) to base 13
6
-7 (base 15) to base 9
-7
What is 11100 (base 2) in base 12?
24
-6c (base 16) to base 3
-11000
Convert 10000 (base 2) to base 15.
11
Convert 4 (base 6) to base 14.
4
What is 3 (base 14) in base 11?
3
What is 1 (base 2) in base 4?
1
What is -542 (base 7) in base 14?
-159
What is a0 (base 12) in base 8?
170
What is -82 (base 16) in base 3?
-11211
-12 (base 4) to base 14
-6
4 (base 9) to base 14
4
What is 154 (base 7) in base 5?
323
What is -120 (base 4) in base 10?
-24
What is -11010 (base 2) in base 12?
-22
Convert -13 (base 16) to base 10.
-19
Convert -100 (base 2) to base 6.
-4
Convert -101001001 (base 2) to base 6.
-1305
Convert 13 (base 5) to base 6.
12
What is -110110 (base 2) in base 3?
-2000
22 (base 8) to base 10
18
-a (base 15) to base 10
-10
Convert 1010 (base 5) to base 6.
334
What is -2 (base 10) in base 12?
-2
Convert 11 (base 3) to base 14.
4
-133 (base 12) to base 4
-2313
Convert -3 (base 14) to base 11.
-3
What is 45 (base 6) in base 14?
21
What is -11 (base 10) in base 8?
-13
What is -5 (base 9) in base 16?
-5
What is 132 (base 5) in base 2?
101010
Convert 1123 (base 5) to base 16.
a3
Convert 0 (base 16) to base 6.
0
What is 6 (base 9) in base 2?
110
Convert -2 (base 4) to base 3.
-2
-2d (base 14) to base 2
-101001
-b (base 12) to base 4
-23
-50 (base 6) to base 9
-33
Convert -1 (base 13) to base 10.
-1
7 (base 10) to base 5
12
3 (base 7) to base 2
11
What is -4 (base 7) in base 9?
-4
2e (base 16) to base 11
42
9 (base 12) to base 3
100
Convert -43 (base 10) to base 11.
-3a
-4 (base 16) to base 10
-4
-2 (base 14) to base 13
-2
Convert 1 (base 8) to base 15.
1
What is 1 (base 13) in base 6?
1
Convert -d5 (base 15) to base 12.
-148
-12 (base 3) to base 10
-5
11 (base 4) to base 5
10
-12 (base 8) to base 6
-14
What is 100 (base 2) in base 4?
10
What is -3 (base 7) in base 8?
-3
Convert 20 (base 14) to base 16.
1c
2 (base 16) to base 12
2
What is 37 (base 9) in base 3?
1021
What is -10 (base 2) in base 3?
-2
1 (base 14) to base 2
1
2 (base 3) to base 14
2
-2a (base 11) to base 9
-35
0 (base 3) to base 4
0
-1 (base 13) to base 3
-1
What is -5 (base 12) in base 16?
-5
Convert 0 (base 1